{"id":779,"date":"2018-08-31T14:51:08","date_gmt":"2018-08-31T17:51:08","guid":{"rendered":"https:\/\/ifd5-nqn.infd.edu.ar\/sitio\/equivalencias-documentacion-a-presentar\/"},"modified":"2026-03-12T19:12:01","modified_gmt":"2026-03-12T22:12:01","slug":"equivalencias-documentacion-a-presentar","status":"publish","type":"page","link":"https:\/\/ifd5-nqn.infd.edu.ar\/sitio\/equivalencias-documentacion-a-presentar\/","title":{"rendered":"Equivalencias-Documentaci\u00f3n a Presentar."},"content":{"rendered":"<p><strong>EQUIVALENCIAS- Tr\u00e1mite para solicitarlas.<\/strong><\/p>\n<p>Seg\u00fan la Disposici\u00f3n N\u00b0 002\/19, de la Direcci\u00f3n Provincial de Educaci\u00f3n Superior, podr\u00e1n solicitar Equivalencias, estudiantes que hayan cursado y acreditados espacios curriculares o egresado de otras instituciones educativas y se hayan inscripto en el IFD N\u00b0 5.<\/p>\n<p>La Solicitud de Equivalencia se tramita en Marzo y Julio de cada ciclo lectivo.<\/p>\n<p>Documentaci\u00f3n a presentar:<\/p>\n<ul>\n<li>Nota dirigida a la Secretaria Acad\u00e9mica del Instituto solicitando Equivalencias.<\/li>\n<li>Fotocopia del Documento de Identidad actualizado y legalizado.<\/li>\n<li>Fotocopia del Acta de Nacimiento actualizada y legalizada.<\/li>\n<li>Fotocopia autenticada del t\u00edtulo de estudios secundarios.<\/li>\n<li>Rendimiento Acad\u00e9mico original o legalizado.<\/li>\n<li>Plan de estudio de la carrera de origen.<\/li>\n<li>Programas de estudio de los espacios curriculares o materias acreditadas debidamente certificados por la Direcci\u00f3n del Establecimiento Educativo de origen.<\/li>\n<\/ul>\n<p><a href=\"mailto:CORREO%20ELECTRONICO:%20\"><strong>CORREO ELECTRONICO<\/strong>: <\/a><strong><u>ifd005@neuquen.edu.ar<\/u><\/strong><\/p>\n<p style=\"text-align: center;\"><strong>\u00a0<\/strong><\/p>\n","protected":false},"excerpt":{"rendered":"<p>EQUIVALENCIAS- Tr\u00e1mite para solicitarlas. Seg\u00fan la Disposici\u00f3n N\u00b0 002\/19, de la Direcci\u00f3n Provincial de Educaci\u00f3n Superior, podr\u00e1n solicitar Equivalencias, estudiantes que hayan cursado y acreditados espacios curriculares o egresado de otras instituciones educativas y se hayan inscripto en el IFD N\u00b0 5. La Solicitud de Equivalencia se tramita en Marzo y Julio de cada ciclo &#8230; <a title=\"Equivalencias-Documentaci\u00f3n a Presentar.\" class=\"read-more\" href=\"https:\/\/ifd5-nqn.infd.edu.ar\/sitio\/equivalencias-documentacion-a-presentar\/\" aria-label=\"More on Equivalencias-Documentaci\u00f3n a Presentar.\">[+]<\/a><\/p>\n","protected":false},"author":864,"featured_media":0,"parent":0,"menu_order":0,"comment_status":"closed","ping_status":"closed","template":"","meta":[],"acf":[],"_links":{"self":[{"href":"https:\/\/ifd5-nqn.infd.edu.ar\/sitio\/wp-json\/wp\/v2\/pages\/779"}],"collection":[{"href":"https:\/\/ifd5-nqn.infd.edu.ar\/sitio\/wp-json\/wp\/v2\/pages"}],"about":[{"href":"https:\/\/ifd5-nqn.infd.edu.ar\/sitio\/wp-json\/wp\/v2\/types\/page"}],"author":[{"embeddable":true,"href":"https:\/\/ifd5-nqn.infd.edu.ar\/sitio\/wp-json\/wp\/v2\/users\/864"}],"replies":[{"embeddable":true,"href":"https:\/\/ifd5-nqn.infd.edu.ar\/sitio\/wp-json\/wp\/v2\/comments?post=779"}],"version-history":[{"count":3,"href":"https:\/\/ifd5-nqn.infd.edu.ar\/sitio\/wp-json\/wp\/v2\/pages\/779\/revisions"}],"predecessor-version":[{"id":1245,"href":"https:\/\/ifd5-nqn.infd.edu.ar\/sitio\/wp-json\/wp\/v2\/pages\/779\/revisions\/1245"}],"wp:attachment":[{"href":"https:\/\/ifd5-nqn.infd.edu.ar\/sitio\/wp-json\/wp\/v2\/media?parent=779"}],"curies":[{"name":"wp","href":"https:\/\/api.w.org\/{rel}","templated":true}]}}